{"id":371,"date":"2018-01-31T13:44:30","date_gmt":"2018-01-31T12:44:30","guid":{"rendered":"http:\/\/www.erdmann-flohmaerkte.de\/wordpress\/?page_id=371"},"modified":"2022-06-29T17:47:05","modified_gmt":"2022-06-29T15:47:05","slug":"marktordnung","status":"publish","type":"page","link":"https:\/\/www.erdmann-flohmaerkte.de\/wordpress\/marktordnung\/","title":{"rendered":"Marktordnung"},"content":{"rendered":"<p>\u00a7 1: Die Vergabe der Standpl\u00e4tze erfolgt ausschlie\u00dflich durch das Personal des Marktveranstalters. Es wird die vom Aussteller tats\u00e4chlich in Anspruch genommene Standfront bzw. die l\u00e4ngste Standseite berechnet. Eckpl\u00e4tze k\u00f6nnen u.U. mit einem Zuschlag belegt werden, im Zweifelsfall bitte schon bei der Standvergabe nachfragen. Die Mindeststandgr\u00f6\u00dfe betr\u00e4gt 3 Meter. Kinder im Alter von bis zu 12 Jahren (in Begleitung eines Erwachsenen) d\u00fcrfen an Sonntagen kostenlos Decke (1 Meter) mit gebrauchtem Kinderspielzeug aufbauen.<\/p>\n<p>\u00a7 2: Sonder- und Aktionsangebote, die sich auf die Standl\u00e4nge beziehen (z.B. 4-Meter-Stand f\u00fcr 15 oder 20 Euro statt regul\u00e4r 24 Euro), verstehen sich je Betreiber. Der Zusammenschluss mehrerer Betreiber mit kleinen St\u00e4nden zu einem Sonderangebots-Stand ist nicht m\u00f6glich.<\/p>\n<p>\u00a7 3: Ausstellerfahrzeuge k\u00f6nnen \u00fcberall da kostenlos hinter dem Stand stehen, wo dies von den Gegebenheiten her m\u00f6glich ist.<\/p>\n<p>\u00a7 4: Die f\u00fcr Marktbesucher vorgesehenen Wege m\u00fcssen von Waren aller Art, Kleiderst\u00e4ndern, Verkaufsaufbauten etc. freigehalten werden. \u00dcber die vom Aussteller gekennzeichnete Verkaufsfront hinaus d\u00fcrfen keinerlei Gegenst\u00e4nde aufgestellt werden! Ein- und Ausfahrten zum Marktgel\u00e4nde sind f\u00fcr Feuerwehr- und Rettungsfahrzeuge freizuhalten.<\/p>\n<p>\u00a7 5: Neuware jeglicher Art sowie Lebens- und Genussmittel d\u00fcrfen nur nach vorheriger Absprache mit dem Marktbetreiber verkauft werden. Anbieter von Neuware m\u00fcssen im Besitz einer g\u00fcltigen Reisegewerbekarte sein. Auch Durchf\u00fchrung von Promotion- und Werbeaktionen nur nach vorheriger Absprache mit dem Marktveranstalter!<\/p>\n<p>\u00a7 6: Ausdr\u00fccklich untersagt ist der Verkauf von: Pornographie in jedweder Form; Videos\/DVDs etc. FSK 18; PC- und Konsolenspielen USK 18; Waffen; gewaltverherrlichenden Artikeln; NS-Material bzw. Artikel mit NS-Symbolen (auch \u00fcberklebt oder unkenntlich gemacht); Raubkopien; Produktf\u00e4lschungen; s\u00e4mtlichen Artikeln, deren Verkauf gegen geltendes Recht oder gute Sitten verst\u00f6\u00dft.<\/p>\n<p>\u00a7 7: Marktbesucher d\u00fcrfen das Marktgel\u00e4nde aus Sicherheitsgr\u00fcnden nicht mit Fahrr\u00e4dern, Rollern, Inlineskates, Skateboards oder anderen Sportger\u00e4ten befahren. Fahrr\u00e4der d\u00fcrfen nur bei schwachem Publikumsverkehr \u00fcber das Marktgel\u00e4nde geschoben werden, w\u00e4hrend der Sto\u00dfzeiten sind sie au\u00dferhalb des Marktgel\u00e4ndes an geeigneter Stelle anzuschlie\u00dfen. Hunde sind an der Leine zu f\u00fchren.<\/p>\n<p>\u00a7 8: Den Anweisungen des Ordnungspersonals ist im Interesse eines reibungslosen Marktverlaufs Folge zu leisten. Der Veranstalter \u00fcbt auf dem Marktgel\u00e4nde das Hausrecht aus und kann bei Verst\u00f6\u00dfen gegen die Marktordnung ein Platzverbot erteilen.<\/p>\n<p>\u00a7 9: Der Marktveranstalter haftet nicht f\u00fcr von Dritten verursachte Sch\u00e4den.<\/p>\n<p>\u00a7 10: Alle Verkaufsst\u00e4nde m\u00fcssen bis mindestens 15 Uhr (Abendflohmarkt: 20 Uhr) offengehalten werden. Jeder Aussteller hat den von ihm in Anspruch genommenen Platz sauber zu hinterlassen und eventuell angefallenen M\u00fcll selbst zu entsorgen.<\/p>\n","protected":false},"excerpt":{"rendered":"<p>\u00a7 1: Die Vergabe der Standpl\u00e4tze erfolgt ausschlie\u00dflich durch das Personal des Marktveranstalters. Es wird die vom Aussteller tats\u00e4chlich in Anspruch genommene Standfront bzw. die<\/p>\n","protected":false},"author":1,"featured_media":0,"parent":0,"menu_order":0,"comment_status":"closed","ping_status":"closed","template":"","meta":{"_mo_disable_npp":"","jetpack_post_was_ever_published":false,"footnotes":""},"class_list":["post-371","page","type-page","status-publish","hentry"],"aioseo_notices":[],"jetpack_sharing_enabled":true,"jetpack_shortlink":"https:\/\/wp.me\/P9C8Ba-5Z","jetpack_likes_enabled":true,"post_mailing_queue_ids":[],"_links":{"self":[{"href":"https:\/\/www.erdmann-flohmaerkte.de\/wordpress\/wp-json\/wp\/v2\/pages\/371","targetHints":{"allow":["GET"]}}],"collection":[{"href":"https:\/\/www.erdmann-flohmaerkte.de\/wordpress\/wp-json\/wp\/v2\/pages"}],"about":[{"href":"https:\/\/www.erdmann-flohmaerkte.de\/wordpress\/wp-json\/wp\/v2\/types\/page"}],"author":[{"embeddable":true,"href":"https:\/\/www.erdmann-flohmaerkte.de\/wordpress\/wp-json\/wp\/v2\/users\/1"}],"replies":[{"embeddable":true,"href":"https:\/\/www.erdmann-flohmaerkte.de\/wordpress\/wp-json\/wp\/v2\/comments?post=371"}],"version-history":[{"count":3,"href":"https:\/\/www.erdmann-flohmaerkte.de\/wordpress\/wp-json\/wp\/v2\/pages\/371\/revisions"}],"predecessor-version":[{"id":12023,"href":"https:\/\/www.erdmann-flohmaerkte.de\/wordpress\/wp-json\/wp\/v2\/pages\/371\/revisions\/12023"}],"wp:attachment":[{"href":"https:\/\/www.erdmann-flohmaerkte.de\/wordpress\/wp-json\/wp\/v2\/media?parent=371"}],"curies":[{"name":"wp","href":"https:\/\/api.w.org\/{rel}","templated":true}]}}